265242 and 144?
18
Calculate the greatest common divisor of 1754 and 3889114382.
1754
What is the highest common divisor of 22400 and 2506?
14
Calculate the greatest common divisor of 541156 and 638.
22
Calculate the highest common factor of 113469 and 4469.
109
Calculate the greatest common factor of 30917926 and 26.
26
What is the greatest common factor of 332809890 and 35?
35
Calculate the greatest common divisor of 290357 and 48616.
103
Calculate the highest common divisor of 18860655 and 429.
33
What is the highest common divisor of 1316610 and 2124?
18
Calculate the greatest common factor of 54213854 and 20770.
4154
Calculate the highest common divisor of 1215933 and 22617.
1077
Calculate the highest common divisor of 787335 and 105.
15
Calculate the greatest common divisor of 1185065 and 40.
5
Calculate the greatest common divisor of 59605 and 179270.
455
What is the greatest common divisor of 3439183 and 180686?
473
What is the highest common divisor of 366 and 398499214?
122
Calculate the greatest common factor of 11997024 and 468.
156
What is the greatest common divisor of 8 and 7824974?
2
What is the highest common divisor of 873 and 138128?
97
What is the greatest common divisor of 732 and 1432204604?
244
Calculate the greatest common divisor of 11684 and 7671052.
92
Calculate the greatest common divisor of 8322 and 215261013.
4161
What is the highest common divisor of 7763474 and 3045?
29
What is the highest common divisor of 131609 and 27470711?
3557
What is the highest common divisor of 162944 and 6194304?
2432
Calculate the highest common factor of 51824684 and 31.
31
Calculate the highest common factor of 129561 and 14193.
57
What is the highest common factor of 1296275 and 77425?
475
Calculate the highest common factor of 5587 and 45862173.
151
What is the greatest common factor of 1608 and 1101078?
402
What is the highest common factor of 18344704 and 18356?
1412
What is the greatest common factor of 89 and 23623?
1
Calculate the highest common divisor of 294 and 6046110.
294
What is the greatest common divisor of 11680 and 1734115?
365
Calculate the highest common factor of 3630 and 136947195.
1815
What is the highest common factor of 5202196 and 3044?
3044
What is the highest common divisor of 17355095 and 2255?
205
What is the greatest common divisor of 46173871 and 1?
1
What is the highest common factor of 599 and 2408058469?
599
Calculate the greatest common factor of 931020 and 120.
60
Calculate the highest common divisor of 387644070 and 12.
6
What is the highest common factor of 42369 and 3158709?
87
Calculate the highest common factor of 32175 and 53185.
55
What is the highest common divisor of 6354957 and 37485?
2499
What is the highest common factor of 17207552 and 21504?
256
What is the greatest common divisor of 100 and 1321554100?
100
Calculate the greatest common factor of 48 and 826820904.
24
Calculate the greatest common factor of 748 and 5710606.
374
What is the greatest common divisor of 27 and 3724257177?
27
What is the highest common divisor of 204 and 9494296?
68
What is the highest common factor of 35 and 277782085?
35
What is the highest common divisor of 61274882 and 404?
202
Calculate the highest common factor of 968457 and 8988.
2247
What is the highest common divisor of 572 and 239125172?
572
Calculate the highest common divisor of 33 and 1260.
3
Calculate the highest common factor of 56252 and 17780.
28
What is the highest common divisor of 4510 and 172625170?
410
What is the greatest common divisor of 10221085 and 115?
115
Calculate the greatest common divisor of 65602 and 62.
2
Calculate the highest common divisor of 6339339 and 252.
9
Calculate the greatest common divisor of 1850865 and 2340.
15
What is the highest common divisor of 11629216 and 589?
589
What is the highest common divisor of 6975 and 12572825?
775
What is the highest common factor of 52650 and 3408600?
1950
What is the greatest common factor of 577138100 and 23100?
7700
What is the highest common divisor of 272 and 6600624?
272
Calculate the greatest common divisor of 47300 and 4420400.
4300
Calculate the highest common divisor of 108 and 10512072.
108
Calculate the greatest common divisor of 55712 and 11104.
32
Calculate the highest common divisor of 11573 and 1392452.
71
Calculate the highest common divisor of 9720 and 1847205.
405
What is the greatest common divisor of 147443888 and 752?
752
Calculate the highest common divisor of 22449 and 124004.
1069
Calculate the highest common divisor of 5073 and 253286435.
1691
Calculate the greatest common divisor of 14098 and 10468136.
742
What is the highest common divisor of 118272 and 1523328?
384
What is the highest common divisor of 1264 and 73857416?
632
Calculate the highest common divisor of 48580 and 1423660.
140
Calculate the greatest common factor of 35437648 and 224564.
7244
Calculate the highest common divisor of 26187 and 40047.
21
Calculate the highest common divisor of 135 and 46422765.
45
What is the highest common divisor of 192 and 11140288?
64
Calculate the highest common divisor of 10608 and 1347528.
312
What is the greatest common factor of 1942 and 209596?
2
Calculate the greatest common factor of 70609 and 1148609.
539
What is the highest common divisor of 28680471 and 397?
397
What is the highest common factor of 135 and 54612927?
27
What is the greatest common divisor of 57276 and 12136?
148
What is the highest common factor of 8884431 and 27?
27
What is the greatest common divisor of 31194 and 4518?
18
What is the greatest common factor of 185455 and 160515?
145
Calculate the highest common divisor of 2474 and 7298.
2
Calculate the highest common factor of 2346680 and 55.
5
Calculate the highest common divisor of 71365 and 77245.
35
Calculate the greatest common factor of 416126 and 5151.
17
What is the highest common factor of 118698684 and 1404?
156
What is the highest common divisor of 3745 and 22117435?
535
What is the greatest common divisor of 5003154 and 2457?
351
What is the greatest common divisor of 4131688 and 3024292?
6476
Calculate the greatest common factor of 1750340 and 170.
10
Calculate the greatest common factor of 230559154 and 14.
14
What is the greatest common factor of 80340 and 29583660?
6180
What is the greatest common factor of 1408272 and 6624?
48
What is the greatest common divisor of 110923250 and 500?
250
What is the highest common factor of 529873 and 4369?
17
What is the highest common divisor of 915 and 314045385?
915
What is the highest common divisor of 17603832 and 12696?
552
What is the highest common divisor of 2845 and 524652140?
2845
What is the greatest common factor of 2441796665 and 785?
785
What is the greatest common factor of 115862610 and 30?
30
Calculate the highest common divisor of 237 and 332103.
3
What is the greatest common divisor of 10400600 and 135320?
680
What is the greatest common factor of 637 and 12580701?
49
Calculate the greatest common factor of 45950 and 36831682.
1838
What is the greatest common factor of 1982 and 112114803?
991
Calculate the highest common factor of 678266752 and 6158.
6158
Calculate the greatest common divisor of 1642 and 107171698.
1642
Calculate the highest common factor of 1641 and 17403.
3
What is the highest common divisor of 483744444 and 206?
206
Calculate the highest common factor of 2787295 and 217280.
3395
What is the greatest common factor of 88 and 1107304?
88
What is the highest common factor of 738 and 1668042?
18
What is the highest common factor of 275145 and 25935?
195
What is the highest common factor of 48108 and 454404?
228
What is the highest common factor of 132 and 12325434?
66
Calculate the highest common factor of 816 and 72306372.
204
What is the highest common factor of 348768 and 2136?
24
What is the greatest common factor of 17 and 167552612?
17
Calculate the highest common divisor of 12264845 and 20.
5
What is the highest common factor of 216690 and 13980000?
6990
What is the highest common divisor of 129813256 and 963?
107
Calculate the greatest common divisor of 2162 and 344054.
2
What is the highest common divisor of 1400 and 699800?
200
Calculate the highest common divisor of 2976996 and 7788.
132
Calculate the greatest common divisor 